it of h?
0
Let f = -3 - -9. Suppose -f*q = -2252 + 452. What is the tens digit of q?
0
Let w(f) = -f**3 - 101*f**2 + 297*f - 624. What is the thousands digit of w(-105)?
2
Suppose 5*r - 215100 = z, 15*r + 3*z = 10*r + 215080. What is the ten thousands digit of r?
4
Let u be 583/8 - (13 - 945/72). Suppose 2*i - 7 = 9. Suppose i = -5*x + u. What is the units digit of x?
3
Let s be (1 + -3)*(0 + (-5016)/16). Let b be ((-57)/(-4))/((-2)/8). What is the tens digit of s/4 - b/(-76)?
5
Let y = -124742 - -181838. What is the units digit of y?
6
Let x be (-6*2/(-24))/(2/20). Suppose 4*d - x*m - 162 = 258, 2*m = -d + 118. Suppose o = u - d, u - 5*o - 86 = -10*o. What is the units digit of u?
6
Let g be (0/1)/(1 + -2). What is the hundreds digit of 741/(g - -3)*1?
2
Let j(l) = 6*l**2 + 5*l + 94. Let f be j(-15). Suppose -f = -14*t + 1319. What is the tens digit of t?
9
Let s be (-81)/(-5) - 4*4/(-20). Suppose s*n + 16115 = 28*n. What is the thousands digit of n?
1
Let v be ((-3)/6*-2 + 0)*7. Let z(u) = 2*u - 12. Let b be z(v). What is the tens digit of (-92)/3*-3 + b?
9
Suppose -103*s = 52*s - 6961050. What is the units digit of s?
0
Suppose -76*l = -78*l + 1684. Suppose -5*h = -5*k + 2165, -4*h = 7*k - 5*k - l. What is the tens digit of k?
2
Suppose -53*r - 11905 = -140112. What is the thousands digit of r?
2
Let z be 5 - -2 - (-30 + 43). What is the tens digit of (2634/(-18))/((-34)/z - 6)?
3
Let t(a) = -56*a**2 + 2*a + 2. Let b be t(-2). Let r = b + 319. What is the units digit of r?
3
Suppose -4*f + 13 = 1. Let o(u) = u**2 - u + 3. Let p be o(f). What is the units digit of 21/(2/(42/p))?
9
Let n = 38 + -33. Let t(j) = 7*j**3 - 12*j**2 - 25*j. Let k(m) = 3*m**3 - 6*m**2 - 12*m. Let r(b) = n*k(b) - 2*t(b). What is the tens digit of r(8)?
4
Let y = -13514 + 57672. What is the hundreds digit of y?
1
Let d = -49418 - -70909. What is the ten thousands digit of d?
2
Let p be 42*-4*(-3)/24. Let b = p + 212. What is the units digit of b?
3
Let m(i) = -19*i + 67. Suppose 0 = 2*r + 6 + 10. What is the hundreds digit of m(r)?
2
Suppose 0 = -3*l + 2*i + 200810, 0 = 17*l - 16*l - 3*i - 66932. What is the tens digit of l?
3
Let h(j) = -j**2 + 147*j + 6821. What is the tens digit of h(0)?
2
Suppose -5*l - 6 = -6. Suppose l = -4*i - 5*c + 23, -2*i + 3*c = 3*i - 38. Suppose -10*q + i*q + 324 = 0. What is the units digit of q?
8
Let l = -97 + 100. Suppose 2*h = -3*r + 16, -l*h + 23 = 6*r - 2*r. Suppose -5*g = h, 2*g - 442 = -4*s + s. What is the units digit of s?
8
Let u = -819 - 1541. Let a = -1605 - u. What is the hundreds digit of a?
7
Let i = 942 - -2877. What is the thousands digit of i?
3
Let m = 233 - 230. Let c be (-4)/10 - (-34)/10. Suppose -90 = -s - c*v, m*v - 2 + 5 = 0. What is the tens digit of s?
9
Let r = -58168 + 96306. What is the thousands digit of r?
8
Let i(x) = -4*x**2 - 2*x. Let v(q) = -9*q**2 - 5*q. Let t(z) = 7*i(z) - 3*v(z). Let a be t(0). Let s(o) = o**2 + 4*o + 86. What is the units digit of s(a)?
6
Suppose 0 = -108*d + 546013 - 110557. What is the tens digit of d?
3
Let i be 7/(-5) + 6/15. Suppose -4*w + 5*t + 18 = -6, -5*w - 3*t + 30 = 0. What is the tens digit of i/(9/(-636)) + (-4)/w?
7
Let a(u) = 175*u**2 + 10*u - 10. What is the hundreds digit of a(-7)?
4
Let c = -1258 + 7290. What is the units digit of c?
2
Suppose 3*x - 78 = m, -5*m - 63 = -4*x + 30. Suppose x*i - 193 - 131 = 0. What is the tens digit of i?
1
Let h = -6361 + 14099. What is the thousands digit of h?
7
Let j(l) = 3695*l - 4459. What is the hundreds digit of j(5)?
0
Let c(t) = 245*t**2 - 4900*t + 4899*t + 220*t**2 - 2. What is the hundreds digit of c(-1)?
4
Let f = 27861 + -8424. What is the ten thousands digit of f?
1
Let p be (0 - (-2472)/5)*(3 + -8). Let r = -1687 - p. What is the hundreds digit of r?
7
What is the units digit of 71/((-8875)/1350)*60*-2?
6
Let i(w) = 2*w + 8. Let x be i(-3). Let k be (5 + (-115)/35)/(x/14). Suppose -153 = -k*q + 231. What is the tens digit of q?
3
Let l = 209 - 94. Suppose -2*q + 72 = f - l, -3*f + q = -596. What is the tens digit of f?
9
Suppose -3*g + 6 = -3. Let k be 3/(-2)*(-4)/g. Suppose 0 = 2*y + 5*j + k - 23, 0 = -5*y + 5*j + 35. What is the units digit of y?
8
Let y(x) = 3*x**2 + 69*x + 1139. What is the ten thousands digit of y(67)?
1
Suppose 4*o - o - h - 211 = 0, 3*h - 15 = 0. Suppose 4*l = r + r - o, 3*r + 5*l - 141 = 0. What is the units digit of 1/(-3*(-2)/r)?
7
Let i = 497 - 328. Let v = 189 - i. What is the units digit of v?
0
Suppose 0 = 4*s - 9*o + 7*o - 1674, -2*o + 1662 = 4*s. Suppose t - 3*z = -0*t + s, 4*t = -3*z + 1638. What is the hundreds digit of t?
4
Let u(k) = k**3 - 6*k**2 + 5. Let f be u(6). Suppose -f*a + 5*n + 5 = 0, -3*a + a + 6 = -4*n. What is the tens digit of 37/2 - 4 - a/2?
1
Let c = 10 - 13. Let y be 20/5 - (-2 - c). Suppose -6*v = y*v - 297. What is the tens digit of v?
3
Let h = 269 + -85. Suppose -4*j + 4*l = -h, 4*l = -2*j - 0*j + 80. What is the tens digit of 0/4 + (j + 2 - 0)?
4
What is the units digit of (1 - -202*(3 - 2))*71?
3
Let m = 707 + -437. Let v = -407 + m. Let k = v - -202. What is the tens digit of k?
6
Suppose -170265 = -21*x + 39798. What is the tens digit of x?
0
Suppose -2*u + 32256 = x, 288*x - 96788 = 285*x + 4*u. What is the ten thousands digit of x?
3
Let m(o) = 2*o**2 + 8*o - 54. Let n be m(4). What is the tens digit of 4586/n - 42/(-105)?
5
Let u = 39 + -32. Suppose -u*w = 355 - 999. What is the tens digit of w?
9
What is the tens digit of 10651/(8/6 + (-7)/126*6)?
5
Let n = 5407 - 527. Suppose 14*m = -568 + n. What is the tens digit of m?
0
Let o = -4622 - -2724. Let p = o + 2732. What is the tens digit of p?
3
Let n(b) = b**2 + 42*b + 170. Let o be n(-32). What is the units digit of (-8886)/(-4)*(-100)/o?
1
Let n = 7475 + -3420. What is the units digit of n?
5
Suppose 4003 + 27 = 10*z. What is the hundreds digit of z?
4
Let m(d) = 4*d**2 - 4*d. Let s be m(6). Let t = 576 + -572. Suppose f = -4*c + 158 + 352, t*f - s = -c. What is the hundreds digit of c?
1
Let t be 10/4*2 + -1*155. Let i = t - -715. What is the tens digit of i?
6
Let t(m) = -13 - 2*m + 3*m - 18*m. Suppose -5*o - 2 - 22 = 3*b, b = -4*o - 22. What is the units digit of t(o)?
9
Suppose 0 = 2*j + z - 5, -5*j + 2*z = 3*z - 8. Let f be (8/3 + j)/((-2)/(-6)). Suppose -f*o = -15*o + 784. What is the hundreds digit of o?
1
Let q = 18209 - 1805. What is the ten thousands digit of q?
1
Suppose 4*v - 112 = 11*v. Let f(g) = g**3 + 17*g**2 + 16*g + 3. Let t be f(v). Suppose -c + t + 25 = 5*q, 0 = 2*c - q - 100. What is the units digit of c?
8
Suppose 4*c = 20, -3465 = 4*s + c - 9030. Let z = s + -702. What is the hundreds digit of z?
6
Suppose 5*v - 15 = 2*b + 6, 0 = 3*v - 3*b - 9. Suppose -v*g + 7*g = 190. What is the tens digit of g?
9
Let d(i) = i**3 + 4*i**2 - 2*i + 9. Let y be d(-5). Let o(m) = 7*m + 12. Let z be o(y). Let h = 98 + z. What is the tens digit of h?
6
Suppose -5*d = 2*c - 75107 + 9158, -2*c = 6. What is the ten thousands digit of d?
1
Suppose 0 = 95*x + 553 - 4828. Let r(p) = p + 4. Let d be r(-4). Suppose 5*s = -4*a - d*a + 207, s + 2*a = x. What is the units digit of s?
9
Suppose 10025 + 17975 = 3*x - i, 3*x - 28040 = -4*i. What is the hundreds digit of x?
3
Suppose -759 + 11325 = 9*g. What is the tens digit of g?
7
Let o be -45*3*(1 + 5)/(-54). Suppose o*q - 4866 = 8349. What is the units digit of q?
1
Let t(x) = -x**3 + 6*x**2 + 11. Let h be t(6). Let a = h - 7. What is the units digit of 83 - (a - (-6)/(-2))?
2
Suppose -w + 5*w - 5*d = 35, 4*w - 4*d = 32. Suppose 3*r + 1215 = 17*g - 14*g, w*r + 401 = g. What is the tens digit of g?
0
Let o(b) = -b + 7. Let v be o(3). Suppose -3*g + 0*g = v*p - 34, -74 = -3*g + 4*p. Suppose -3*h + 3*n - 5*n = -14, 2*n = -4*h + g. What is the units digit of h?
4
Let q = 20 + -4. Suppose 4*o + 2*d - d - q = 0, -20 = -5*d. Suppose -4*b + 156 = o*x - 7*x, 5*b = 4*x + 196. What is the tens digit of b?
4
Let q = 62938 + -16152. What is the hundreds digit of q?
7
Let g = -320 - -447. Let f = g - 69. What is the tens digit of f?
5
Let m = 7453 - -3714. What is the tens digit of m?
6
Let o(i) = -13*i**2 - 24*i - 105. Let n(w) = 3*w**2 + 6*w + 26. Let m(k) = 9*n(k) + 2*o(k). What is the hundreds digit of m(15)?
3
Let a = 70 - 72. What is the hundreds digit of ((-8